t is k(o)?
10
Let f(q) be the second derivative of -q**6/360 - q**5/15 - q**4/12 - 39*q**3/2 - q**2 - 46*q + 2. Let x(u) be the second derivative of f(u). Give x(-9).
-11
Suppose -1 = 2*t - 5. Let f(w) = 5 + 2*w - 1 + w**3 + 7*w**2 - t*w**2. Let i(o) = -345*o - 1385. Let z be i(-4). Determine f(z).
-6
Let w = -178 + 178. Suppose w = 2*j + 2*q + 4, -16 = 4*q - 4. Let y(o) be the third derivative of o**4/24 - o**3/6 + 4*o**2. Determine y(j).
0
Let o(h) = 5*h**2 - 11*h**2 + h - 5 + 5*h**2 + 2*h**2. Let f be o(2). Let s(v) = -11*v**2. Determine s(f).
-11
Let d(z) = -z**2 + 53. Let r = 15351 - 15343. Calculate d(r).
-11
Let z(u) be the second derivative of -u**4/4 + 4*u**3/3 + 17*u**2/2 - 2853*u. Determine z(4).
1
Let c(i) = i - 21. Suppose -8*w = -2*d - 5*w + 6, -w = -5*d + 2. What is c(d)?
-21
Let z(k) be the third derivative of k**4/6 + 289*k**2. Let d be (4/(-10))/((-12)/30). Determine z(d).
4
Let t(q) = -q**3 - 6*q**2 - 11*q - 14. Suppose 17616*b + 204 = 17565*b. Calculate t(b).
-2
Let d(p) = p**2 + 5*p - 2. Let f be d(-4). Let r(a) = 12124*a - a**2 - 12128*a + 0 + 9 - 1 + 0*a**2. Calculate r(f).
-4
Let l be (-10)/(-145) - 2340/1131. Let a(w) = -2*w**3 - 3*w**2 - 5*w - 3. What is a(l)?
11
Let o(l) = -100*l**3 + 52*l**2 - 15*l. Let a(q) = -75*q**3 + 38*q**2 - 11*q. Let k(x) = -11*a(x) + 8*o(x). Let z(i) = i + 6. Let u be z(-5). What is k(u)?
24
Suppose 2*v - 4*p + 8 = 2, 3*v - 2*p + 1 = 0. Let h(x) be the third derivative of 0*x - 5/8*x**4 + 0 - 5*x**2 - 1/6*x**3. Calculate h(v).
-16
Let j(m) = m - m**2 + m**3 + 0 + 0. Let u = -110 + 118. Suppose -u*f + 3*f = 4*q - 20, -15 = -5*f - 3*q. Give j(f).
0
Let p(k) be the third derivative of k**4/24 + 5*k**3/6 - 19*k**2. Let v be 15/(45/(-2))*3. What is p(v)?
3
Let f(i) = 93*i**2 - 1. Let a(t) = 184*t**2 - 25*t - 58. Let d(p) = -a(p) + 2*f(p). What is d(-3)?
-1
Suppose -104 = 45*m - 19*m. Let j(f) = f**3 + 5*f**2 + 2*f - 5. Determine j(m).
3
Let k(c) = 312 - 568 + 288 + 9*c - 3*c. What is k(-5)?
2
Suppose 4*t = o + 42, t = -0*t - 5*o. Let b(x) = x + 1. Let k(h) = -12*h - 20. Let u(q) = t*b(q) + k(q). Determine u(-11).
12
Let h(k) = 229*k**3 - 489*k**3 + 2*k + 1 + 251*k**3. Determine h(-2).
69
Let m(v) = -8*v + 18*v**2 - 28*v**2 - v + 11*v**2 + 5. Let w be (-14)/49 + 176/28. Give m(w).
-13
Let f(c) = -3*c**3 - c**2 + 1. Suppose -4*i + 2*s = -348 - 68, i + s = 104. Suppose 3*q + 4*k = -q - i, -100 = 4*q + 5*k. Let w = -29 - q. Determine f(w).
-3
Let f(g) = 701 + 4*g + 725 - 1472 - g. Calculate f(5).
-31
Let f(r) = -5*r - 1. Let z(t) = 13*t**2 + 27*t + 7. Let h be z(-2). Suppose h*m + 54 = 59. What is f(m)?
-6
Let q(k) = -8*k**3 - 16*k**2 - 6*k - 15. Let t(b) = b**3 + 3*b**2 + b + 1. Let g(r) = -q(r) - 7*t(r). Give g(3).
-13
Let q(m) = 5*m + 80. Let x = -39281 - -39264. Determine q(x).
-5
Let r(c) = 34 - 17 - 17 + c - 3. Let k be (-245)/(-77) + (-2)/11. Suppose -k*w - 2*w = -10. What is r(w)?
-1
Let u be -7*2 + (-6 - -3). Let s(g) = -20*g**2 - 3*g + 12. Let k = 216 - 210. Let j(h) = -7*h**2 - h + 4. Let r(n) = k*s(n) + u*j(n). Give r(-4).
-8
Let k be (-36)/14 + 3 + (1040/56)/(-13). Let l(x) = -21*x**2 + x + 2. Determine l(k).
-20
Let u(a) = a + 16. Suppose 4*o - 18*x = -15*x - 101, -3*o - 75 = -2*x. Determine u(o).
-7
Let o(l) be the first derivative of 2*l**3/3 - 25*l**2 + 2. Suppose 184 = 132*c - 3116. Calculate o(c).
0
Let a(l) = -l**2 + 1. Suppose -f = 4*w - 21, -2*w + 4 + 9 = f. Suppose 2 = 4*i - h, -w*i - 3*h = -h + 4. Give a(i).
1
Let j(n) = 26*n**3 - 18*n**2 - 11*n - 3. Let r(u) = -41*u**3 + 26*u**2 + 17*u + 5. Let p(w) = 8*j(w) + 5*r(w). Give p(5).
11
Let u(f) = -f**3 + 4*f**2 + 5*f + 5. Let w = 2439 + -2434. Determine u(w).
5
Suppose -40 = n + 4*n. Let o = -148 + 150. Let b(m) = m**2 + 333 - 2*m**o - 336 - 8*m. What is b(n)?
-3
Let c(v) = -v - 43. Suppose -3*u + 3 = 3*m - 15, 3*m + 4*u - 18 = 0. Let a be (11/2 - m)*0. Calculate c(a).
-43
Suppose -s + 2*l - 29 = 0, 0*l + l - 123 = 4*s. Let c = 41 + s. Suppose -c = -n - 14. Let z(a) = -2*a + 1. Determine z(n).
9
Let f(d) = d**2 + 1. Let c be f(-2). Suppose -r = 3*m - 32 + 4, r - 5*m = -12. Let v(k) = k + 11*k + 0*k - r*k - 1. What is v(c)?
-6
Let f(u) = 2*u**2 + 2*u - 16. Let t = 17166 - 17170. Determine f(t).
8
Let i(h) = -114*h + 88. Let o(k) = 261*k - 176. Let w(j) = 14*i(j) + 6*o(j). Determine w(7).
-34
Let m(j) be the third derivative of -j**6/360 - j**5/24 + j**4/4 + 7*j**3/6 + 7*j**2. Let c(r) be the first derivative of m(r). Let l = -280 - -273. Give c(l).
-8
Let p be 9/(-12)*20/(-5). Let w(s) = -p*s + s + 101796 - 101797. Give w(-6).
11
Let o(a) = 4*a - 126154*a**3 + 8*a**2 + 126155*a**3 - 12*a**2. Let x be (-7)/(-2) + 2/4. Give o(x).
16
Let j(o) be the first derivative of -o**3 - 4*o**2 - 17*o - 805. What is j(-5)?
-52
Let k(n) = -24*n**2 - 10*n + 37*n**2 + 122 - 137 + n**3. Determine k(-14).
-71
Suppose -5*g - 5*p = 0, -4*g + 2 = -4*p + 6*p. Let m(i) = 2*i + 6. Determine m(g).
8
Let k(h) = h**2 - 8*h - 6. Let c be 2 + (15/5 - (1 - -2)). Suppose -2*w = -2*i + 6, -c*w = i - 2*i - 1. Calculate k(i).
-13
Let o(m) = 53856914*m - 53856910*m - 6 - 2*m**2 + 3*m**2. Suppose 4 = -x - 0. Calculate o(x).
-6
Let y(n) = 2*n + 7*n + 0*n**2 + 9 + 9*n - 14*n - n**2. Let x = -14 - -21. Determine y(x).
-12
Let i(u) be the second derivative of -24 - 3/2*u**2 - 1/3*u**3 - 2*u. What is i(0)?
-3
Let t(f) = 4*f + 6. Let i be (-9)/(-15) - (171/(-5))/3. Let c(p) = -2 + 8*p + 1 + i + 2. Let d(m) = -6*c(m) + 13*t(m). Determine d(-1).
-4
Let c(x) be the third derivative of -x**9/7560 + x**8/20160 - x**5/30 - 14*x**3 - 9*x**2 + 4*x. Let j(v) be the third derivative of c(v). Determine j(1).
-7
Let f(a) = 3*a - 81 + 75 - 2*a. Let d = 200 - 196. Give f(d).
-2
Suppose 12*s - 15*s + 9 = 0. Let c be s*(-4)/6*14/(-4). Let t(f) = -f**2 + 8*f - 7. Give t(c).
0
Let s(l) = 14*l - 15187*l**2 - 68 + 7598*l**2 + 7588*l**2. Determine s(5).
-23
Let c = -21560 - -21558. Let m(q) = q**3 + q**2 + 6*q + 15. Calculate m(c).
-1
Let x(p) = -p**2 - 5*p + 3. Let k be x(-5). Let y(b) = -2*b**3 + 4 - 4*b**2 + 2*b**3 + 2*b**3 - 3*b**k. Suppose 0 = -3*h - 17 + 5. What is y(h)?
4
Let w(t) = 23*t - 4 - 6*t - 3*t - 13*t. What is w(9)?
5
Let r(y) = y**3 - 8*y**2 + 3*y - 26. Suppose 73 - 153 = -10*q. Determine r(q).
-2
Let f(h) = 20*h - 15. Let q(l) = -106*l + 74. Let b(p) = 16*f(p) + 3*q(p). What is b(-10)?
-38
Let q(p) = -p**3 - 9*p**2 - 10*p - 12. Let h = 88 + -78. Let d be (-4)/h - ((-494)/10 + -1). Let i = d + -58. Determine q(i).
4
Let m(q) be the first derivative of -q**5/60 + q**4/4 + q**3/6 - 3*q**2/2 - 8*q + 29. Let a(g) be the second derivative of m(g). Determine a(7).
-6
Let z(u) = 43*u + 91*u**2 - 105*u**2 - 4*u**2 + 16 + 35*u**3 - 36*u**3. Give z(-20).
-44
Let s(y) = -2*y + 9. Let x(i) = 1 + 12 - 2*i + 0*i - 5. Let k(j) = -5*s(j) + 6*x(j). Let a = 47 + -45. Calculate k(a).
-1
Let w(m) = m**2 - 6*m - 2. Let z(x) = x - 357 - 358 + 723. Suppose -l - 1 = 2. Let h be z(l). Determine w(h).
-7
Suppose -44*i + 49 + 112 = -411. Let b(h) = h**2 - 5*h - 90. Calculate b(i).
14
Let c(y) be the first derivative of -y**5/24 + y**4/8 - 2*y**3/3 - 1. Let z(i) be the third derivative of c(i). Let b = 94167 + -94164. Determine z(b).
-12
Suppose 0 = 3*v + 9, t + 17 = 7*v + 35. Let d(r) = 3*r**2 + 3*r - 2. Give d(t).
16
Let j(g) = -g. Let i be j(9). Let k(y) = 2*y + 2. Let c(o) = -13*o - 18. Let x(r) = c(r) + 6*k(r). Determine x(i).
3
Let r(f) be the first derivative of -2*f**2 + 11*f - 2072. Give r(-6).
35
Let c(r) = 7*r**2 + 52*r - 29. Let s(z) = 6*z**2 + 41*z - 28. Let d(b) = 5*c(b) - 6*s(b). Determine d(14).
23
Let m be -4 + 8 - (8 + (-6 + 5)*3). Let w(h) = 15*h**2 + h - 1. Calculate w(m).
13
Let c(l) = -14534 - 8*l - 14528 + 29059. Calculate c(7).
-59
Let m(z) be the second derivative of -z**3/2 + 7*z**2/2 + 1855*z + 2. What is m(3)?
-2
Suppose -3*f - 4*k + 28 = 0, -2*f - 2*k + 333 - 319 = 0. Let h(z) be the second derivative of z**3/3 - z**2/2 - 4*z. What is h(f)?
-1
Let k = -63 + 81. Let m(d) = 7*d**2 + 15 - d - 8*d**2 + 3*d - k. Determine m(2).
-3
Let d(t) = -16*t + 114. Let k be d(6). Let j be 21/k*54/9. Let b(w) = 2*w - 3. Give b(j).
11
Let l(n) = n**3 + n**2 - n - 2. Suppose 18*y - 21*y = -147. Let k = 52 - y. Determine l(k).
31
Let j(b) = 3*b - 7*b + 2*b - 4. Suppose -19 = -4*s - u, 4*s +